{"id":742,"date":"2026-04-01T09:32:53","date_gmt":"2026-04-01T07:32:53","guid":{"rendered":"https:\/\/nextbike-live.pluspol-networks.de\/myradl\/?page_id=742"},"modified":"2026-04-13T11:58:00","modified_gmt":"2026-04-13T09:58:00","slug":"u18","status":"publish","type":"page","link":"https:\/\/www.myradl.de\/de\/u18\/","title":{"rendered":"U18"},"content":{"rendered":"<div class=\"wpb-content-wrapper\"><p>[vc_row][vc_column][vc_column_text css=&#8220;&#8220;]<\/p>\n<h1 style=\"text-align: center;\">U18<\/h1>\n<h4 style=\"text-align: center;\"><strong>Registrierung f\u00fcr Minderj\u00e4hrige<\/strong><\/h4>\n<p>[\/vc_column_text][\/vc_column][\/vc_row][vc_row ppi_row_padding=&#8220;ppi_remove_padding_top&#8220;][vc_column width=&#8220;1\/6&#8243;][vc_icon icon_fontawesome=&#8220;&#8220; color=&#8220;custom&#8220; size=&#8220;lg&#8220; css=&#8220;&#8220; custom_color=&#8220;#0065CC&#8220;][\/vc_column][vc_column width=&#8220;5\/6&#8243;][vc_column_text css=&#8220;&#8220;]<\/p>\n<h2>So geht&#8217;s<\/h2>\n<p>Unter 18-J\u00e4hrige k\u00f6nnen erst nach Verkn\u00fcpfung mit einem Erwachsenen-Konto Fahrr\u00e4der ausleihen. Der Erwachsene haftet dabei f\u00fcr das Minderj\u00e4hrigen-Konto.<\/p>\n<ol>\n<li>Registriere dich mit deiner Telefonnummer<\/li>\n<li>\u00d6ffne das Wallet der nextbike App und verkn\u00fcpfe dich mit dem Partner &#8222;Minderj\u00e4hrige&#8220; unter der Angabe der Telefonnummer des haftbar zu machenden Erwachsenen-Kontos (z.B. Eltern)<\/li>\n<li>An die Telefonnummer des Erwachsenen wird ein Verifizierungscode gesendet<\/li>\n<li>Gib diesen Code in der Partnerverkn\u00fcpfung deines Kontos an<\/li>\n<li>Hinterlege ein g\u00fcltiges Zahlungsmittel. Ger\u00e4t das U18-Konto ins Minus, haftet der Erwachsenen Account<\/li>\n<\/ol>\n<p>[\/vc_column_text][\/vc_column][\/vc_row][vc_row ppi_row_padding=&#8220;ppi_remove_padding_top&#8220; disable_element=&#8220;yes&#8220;][vc_column width=&#8220;1\/6&#8243;][vc_icon icon_fontawesome=&#8220;fas fa-tags&#8220; color=&#8220;custom&#8220; size=&#8220;lg&#8220; custom_color=&#8220;#e30613&#8243;][\/vc_column][vc_column width=&#8220;5\/6&#8243;][vc_tta_accordion active_section=&#8220;0&#8243; collapsible_all=&#8220;true&#8220; title=&#8220;Konditionen&#8220;][vc_tta_section title=&#8220;Genie\u00dft Freiminuten&#8220; tab_id=&#8220;institutionen1bd3-bd613dcf-d413&#8243;][vc_column_text]Bei jeder Ausleihe in K\u00f6ln sind die ersten 30 Minuten inklusive. Bei \u00dcberschreitung der Freiminuten kosten weitere 30 Minuten je 1 \u20ac. F\u00fcr 24 Stunden fallen maximal 9 \u20ac an. Eventuelle R\u00fcckgabe-Aufpreise fallen unabh\u00e4ngig von den Freiminuten an. Bei mehreren parallelen Ausleihen gilt die Verg\u00fcnstigung nur f\u00fcr das erste Rad. Weitere R\u00e4der werden im lokalen Basistarif abgerechnet.<\/p>\n<p>Verg\u00fcnstigungen werden auch in weiteren St\u00e4dten im VRS-Gebiet gew\u00e4hrt.[\/vc_column_text][\/vc_tta_section][\/vc_tta_accordion][\/vc_column][\/vc_row][vc_row ppi_row_padding=&#8220;ppi_remove_padding_top&#8220; disable_element=&#8220;yes&#8220;][vc_column width=&#8220;1\/6&#8243;][vc_icon icon_fontawesome=&#8220;fas fa-city&#8220; color=&#8220;custom&#8220; size=&#8220;lg&#8220; custom_color=&#8220;#e30613&#8243;][\/vc_column][vc_column width=&#8220;5\/6&#8243;][vc_tta_accordion active_section=&#8220;0&#8243; collapsible_all=&#8220;true&#8220; title=&#8220;Verg\u00fcstigungen in anderen VRS-St\u00e4dten und -Gemeinden&#8220;][vc_tta_section title=&#8220;Wo gibt&#8217;s noch Freiminuten?&#8220; tab_id=&#8220;1698314500215-4975e639-d5dc3dcf-d413&#8243;][vc_column_text]Einmal verkn\u00fcpft, genie\u00dft du auch in diesen St\u00e4dten Vorteile. Details zu den Sonderkonditionen k\u00f6nnen der jeweiligen Webseite entnommen werden:<\/p>\n<ul>\n<li><a href=\"https:\/\/www.nextbike.de\/bonn\/de\" target=\"_blank\" rel=\"noopener noreferrer\">nextbike Bonn<\/a><\/li>\n<li><a href=\"https:\/\/www.wupsirad.de\/leverkusen\/de\" target=\"_blank\" rel=\"noopener noreferrer\">wupsiRad Leverkusen<\/a><\/li>\n<li><a href=\"https:\/\/www.nextbike.de\/rvk\/de\" target=\"_blank\" rel=\"noopener noreferrer\">RVK e-Bike<\/a><\/li>\n<li><a href=\"https:\/\/www.nextbike.de\/bergisches-ebike\/de\" target=\"_blank\" rel=\"noopener noreferrer\">Bergisches E-Bike<\/a><\/li>\n<li><a href=\"https:\/\/www.nextbike.de\/rsvg\/de\/\" target=\"_blank\" rel=\"noopener noreferrer\">RSVG-Bike<\/a><\/li>\n<li><a href=\"https:\/\/revg.de\/mobic.html\">mobic<\/a><\/li>\n<\/ul>\n<p>[\/vc_column_text][\/vc_tta_section][\/vc_tta_accordion][\/vc_column][\/vc_row][vc_row ppi_row_padding=&#8220;ppi_remove_padding_top&#8220; disable_element=&#8220;yes&#8220;][vc_column width=&#8220;1\/6&#8243;][vc_icon icon_fontawesome=&#8220;fas fa-certificate&#8220; color=&#8220;custom&#8220; size=&#8220;lg&#8220; custom_color=&#8220;#e30613&#8243;][\/vc_column][vc_column width=&#8220;5\/6&#8243;][vc_tta_accordion active_section=&#8220;0&#8243; collapsible_all=&#8220;true&#8220; title=&#8220;G\u00fcltigkeit&#8220;][vc_tta_section title=&#8220;Wie lange gelten die Sonderkonditionen?&#8220; tab_id=&#8220;1698314622760-9dd67ea5-c2fb3dcf-d413&#8243;][vc_column_text]<\/p>\n<div class=\"col-xs-12 col-sm-12 col-md-4 small-padding-md\">\n<div class=\"row\">\n<div class=\"col-xs-12 col-sm-12 text-center\">\n<p style=\"text-align: left;\">Die Verg\u00fcnstigungen gelten f\u00fcr alle VRS-Chipkarten-Inhaber*innen ab dem Alter von 16 Jahren.<\/p>\n<\/div>\n<\/div>\n<\/div>\n<div class=\"col-xs-12 col-sm-12 col-md-4 small-padding-md\">\n<div class=\"row\">\n<div class=\"col-xs-12 col-sm-12 text-center\">\n<p style=\"text-align: left;\">Neue VRS-Chipkarte erhalten? Bitte hinterlege die aktuelle Karte erneut in deinem Kundenkonto, um weiterhin von den Sonderkonditionen zu profitieren.<\/p>\n<\/div>\n<\/div>\n<\/div>\n<p>[\/vc_column_text][\/vc_tta_section][\/vc_tta_accordion][\/vc_column][\/vc_row]<\/p>\n<\/div>","protected":false},"excerpt":{"rendered":"<p>[vc_row][vc_column][vc_column_text css=&#8220;&#8220;] U18 Registrierung f\u00fcr Minderj\u00e4hrige [\/vc_column_text][\/vc_column][\/vc_row][vc_row ppi_row_padding=&#8220;ppi_remove_padding_top&#8220;][vc_column width=&#8220;1\/6&#8243;][vc_icon icon_fontawesome=&#8220;&#8220; color=&#8220;custom&#8220; size=&#8220;lg&#8220; css=&#8220;&#8220; custom_color=&#8220;#0065CC&#8220;][\/vc_column][vc_column width=&#8220;5\/6&#8243;][vc_column_text css=&#8220;&#8220;] So geht&#8217;s Unter 18-J\u00e4hrige k\u00f6nnen erst nach Verkn\u00fcpfung mit einem Erwachsenen-Konto Fahrr\u00e4der ausleihen. Der Erwachsene haftet dabei f\u00fcr das Minderj\u00e4hrigen-Konto. Registriere dich mit deiner Telefonnummer \u00d6ffne das Wallet der nextbike App und verkn\u00fcpfe dich mit dem Partner &#8222;Minderj\u00e4hrige&#8220; unter [&hellip;]<\/p>\n","protected":false},"author":13,"featured_media":0,"parent":0,"menu_order":0,"comment_status":"closed","ping_status":"closed","template":"page-bubble.php","meta":{"_acf_changed":false,"inline_featured_image":false,"footnotes":""},"class_list":["post-742","page","type-page","status-publish","hentry"],"acf":[],"yoast_head":"<!-- This site is optimized with the Yoast SEO plugin v27.2 - https:\/\/yoast.com\/product\/yoast-seo-wordpress\/ -->\n<title>U18 - Myradl - M\u00fcnchen<\/title>\n<meta name=\"description\" content=\"Minderj\u00e4hrige k\u00f6nnen MyRadl nutzen, indem sie sich mit dem Account eines Erwachsenen verkn\u00fcpfen.\" \/>\n<meta name=\"robots\" content=\"index, follow, max-snippet:-1, max-image-preview:large, max-video-preview:-1\" \/>\n<link rel=\"canonical\" href=\"https:\/\/www.myradl.de\/de\/u18\/\" \/>\n<meta property=\"og:locale\" content=\"de_DE\" \/>\n<meta property=\"og:type\" content=\"article\" \/>\n<meta property=\"og:title\" content=\"U18 - Myradl - M\u00fcnchen\" \/>\n<meta property=\"og:description\" content=\"Minderj\u00e4hrige k\u00f6nnen MyRadl nutzen, indem sie sich mit dem Account eines Erwachsenen verkn\u00fcpfen.\" \/>\n<meta property=\"og:url\" content=\"https:\/\/www.myradl.de\/de\/u18\/\" \/>\n<meta property=\"og:site_name\" content=\"Myradl - M\u00fcnchen\" \/>\n<meta property=\"article:modified_time\" content=\"2026-04-13T09:58:00+00:00\" \/>\n<meta name=\"twitter:card\" content=\"summary_large_image\" \/>\n<meta name=\"twitter:label1\" content=\"Gesch\u00e4tzte Lesezeit\" \/>\n\t<meta name=\"twitter:data1\" content=\"3\u00a0Minuten\" \/>\n<script type=\"application\/ld+json\" class=\"yoast-schema-graph\">{\"@context\":\"https:\/\/schema.org\",\"@graph\":[{\"@type\":\"WebPage\",\"@id\":\"https:\/\/www.myradl.de\/de\/u18\/\",\"url\":\"https:\/\/www.myradl.de\/de\/u18\/\",\"name\":\"U18 - Myradl - M\u00fcnchen\",\"isPartOf\":{\"@id\":\"https:\/\/www.myradl.de\/de\/#website\"},\"datePublished\":\"2026-04-01T07:32:53+00:00\",\"dateModified\":\"2026-04-13T09:58:00+00:00\",\"description\":\"Minderj\u00e4hrige k\u00f6nnen MyRadl nutzen, indem sie sich mit dem Account eines Erwachsenen verkn\u00fcpfen.\",\"breadcrumb\":{\"@id\":\"https:\/\/www.myradl.de\/de\/u18\/#breadcrumb\"},\"inLanguage\":\"de\",\"potentialAction\":[{\"@type\":\"ReadAction\",\"target\":[\"https:\/\/www.myradl.de\/de\/u18\/\"]}]},{\"@type\":\"BreadcrumbList\",\"@id\":\"https:\/\/www.myradl.de\/de\/u18\/#breadcrumb\",\"itemListElement\":[{\"@type\":\"ListItem\",\"position\":1,\"name\":\"Startseite\",\"item\":\"https:\/\/www.myradl.de\/de\/\"},{\"@type\":\"ListItem\",\"position\":2,\"name\":\"U18\"}]},{\"@type\":\"WebSite\",\"@id\":\"https:\/\/www.myradl.de\/de\/#website\",\"url\":\"https:\/\/www.myradl.de\/de\/\",\"name\":\"Myradl - M\u00fcnchen\",\"description\":\"Bike Sharing by nextbike\",\"potentialAction\":[{\"@type\":\"SearchAction\",\"target\":{\"@type\":\"EntryPoint\",\"urlTemplate\":\"https:\/\/www.myradl.de\/de\/?s={search_term_string}\"},\"query-input\":{\"@type\":\"PropertyValueSpecification\",\"valueRequired\":true,\"valueName\":\"search_term_string\"}}],\"inLanguage\":\"de\"}]}<\/script>\n<!-- \/ Yoast SEO plugin. -->","yoast_head_json":{"title":"U18 - Myradl - M\u00fcnchen","description":"Minderj\u00e4hrige k\u00f6nnen MyRadl nutzen, indem sie sich mit dem Account eines Erwachsenen verkn\u00fcpfen.","robots":{"index":"index","follow":"follow","max-snippet":"max-snippet:-1","max-image-preview":"max-image-preview:large","max-video-preview":"max-video-preview:-1"},"canonical":"https:\/\/www.myradl.de\/de\/u18\/","og_locale":"de_DE","og_type":"article","og_title":"U18 - Myradl - M\u00fcnchen","og_description":"Minderj\u00e4hrige k\u00f6nnen MyRadl nutzen, indem sie sich mit dem Account eines Erwachsenen verkn\u00fcpfen.","og_url":"https:\/\/www.myradl.de\/de\/u18\/","og_site_name":"Myradl - M\u00fcnchen","article_modified_time":"2026-04-13T09:58:00+00:00","twitter_card":"summary_large_image","twitter_misc":{"Gesch\u00e4tzte Lesezeit":"3\u00a0Minuten"},"schema":{"@context":"https:\/\/schema.org","@graph":[{"@type":"WebPage","@id":"https:\/\/www.myradl.de\/de\/u18\/","url":"https:\/\/www.myradl.de\/de\/u18\/","name":"U18 - Myradl - M\u00fcnchen","isPartOf":{"@id":"https:\/\/www.myradl.de\/de\/#website"},"datePublished":"2026-04-01T07:32:53+00:00","dateModified":"2026-04-13T09:58:00+00:00","description":"Minderj\u00e4hrige k\u00f6nnen MyRadl nutzen, indem sie sich mit dem Account eines Erwachsenen verkn\u00fcpfen.","breadcrumb":{"@id":"https:\/\/www.myradl.de\/de\/u18\/#breadcrumb"},"inLanguage":"de","potentialAction":[{"@type":"ReadAction","target":["https:\/\/www.myradl.de\/de\/u18\/"]}]},{"@type":"BreadcrumbList","@id":"https:\/\/www.myradl.de\/de\/u18\/#breadcrumb","itemListElement":[{"@type":"ListItem","position":1,"name":"Startseite","item":"https:\/\/www.myradl.de\/de\/"},{"@type":"ListItem","position":2,"name":"U18"}]},{"@type":"WebSite","@id":"https:\/\/www.myradl.de\/de\/#website","url":"https:\/\/www.myradl.de\/de\/","name":"Myradl - M\u00fcnchen","description":"Bike Sharing by nextbike","potentialAction":[{"@type":"SearchAction","target":{"@type":"EntryPoint","urlTemplate":"https:\/\/www.myradl.de\/de\/?s={search_term_string}"},"query-input":{"@type":"PropertyValueSpecification","valueRequired":true,"valueName":"search_term_string"}}],"inLanguage":"de"}]}},"_links":{"self":[{"href":"https:\/\/www.myradl.de\/de\/wp-json\/wp\/v2\/pages\/742","targetHints":{"allow":["GET"]}}],"collection":[{"href":"https:\/\/www.myradl.de\/de\/wp-json\/wp\/v2\/pages"}],"about":[{"href":"https:\/\/www.myradl.de\/de\/wp-json\/wp\/v2\/types\/page"}],"author":[{"embeddable":true,"href":"https:\/\/www.myradl.de\/de\/wp-json\/wp\/v2\/users\/13"}],"replies":[{"embeddable":true,"href":"https:\/\/www.myradl.de\/de\/wp-json\/wp\/v2\/comments?post=742"}],"version-history":[{"count":7,"href":"https:\/\/www.myradl.de\/de\/wp-json\/wp\/v2\/pages\/742\/revisions"}],"predecessor-version":[{"id":792,"href":"https:\/\/www.myradl.de\/de\/wp-json\/wp\/v2\/pages\/742\/revisions\/792"}],"wp:attachment":[{"href":"https:\/\/www.myradl.de\/de\/wp-json\/wp\/v2\/media?parent=742"}],"curies":[{"name":"wp","href":"https:\/\/api.w.org\/{rel}","templated":true}]}}

<div class="wpb-content-wrapper"><p>[vc_row][vc_column][vc_column_text css=&#8220;&#8220;]</p>
<h1 style="text-align: center;">U18</h1>
<h4 style="text-align: center;"><strong>Registrierung für Minderjährige</strong></h4>
<p>[/vc_column_text][/vc_column][/vc_row][vc_row ppi_row_padding=&#8220;ppi_remove_padding_top&#8220;][vc_column width=&#8220;1/6&#8243;][vc_icon icon_fontawesome=&#8220;&#8220; color=&#8220;custom&#8220; size=&#8220;lg&#8220; css=&#8220;&#8220; custom_color=&#8220;#0065CC&#8220;][/vc_column][vc_column width=&#8220;5/6&#8243;][vc_column_text css=&#8220;&#8220;]</p>
<h2>So geht&#8217;s</h2>
<p>Unter 18-Jährige können erst nach Verknüpfung mit einem Erwachsenen-Konto Fahrräder ausleihen. Der Erwachsene haftet dabei für das Minderjährigen-Konto.</p>
<ol>
<li>Registriere dich mit deiner Telefonnummer</li>
<li>Öffne das Wallet der nextbike App und verknüpfe dich mit dem Partner &#8222;Minderjährige&#8220; unter der Angabe der Telefonnummer des haftbar zu machenden Erwachsenen-Kontos (z.B. Eltern)</li>
<li>An die Telefonnummer des Erwachsenen wird ein Verifizierungscode gesendet</li>
<li>Gib diesen Code in der Partnerverknüpfung deines Kontos an</li>
<li>Hinterlege ein gültiges Zahlungsmittel. Gerät das U18-Konto ins Minus, haftet der Erwachsenen Account</li>
</ol>
<p>[/vc_column_text][/vc_column][/vc_row][vc_row ppi_row_padding=&#8220;ppi_remove_padding_top&#8220; disable_element=&#8220;yes&#8220;][vc_column width=&#8220;1/6&#8243;][vc_icon icon_fontawesome=&#8220;fas fa-tags&#8220; color=&#8220;custom&#8220; size=&#8220;lg&#8220; custom_color=&#8220;#e30613&#8243;][/vc_column][vc_column width=&#8220;5/6&#8243;][vc_tta_accordion active_section=&#8220;0&#8243; collapsible_all=&#8220;true&#8220; title=&#8220;Konditionen&#8220;][vc_tta_section title=&#8220;Genießt Freiminuten&#8220; tab_id=&#8220;institutionen1bd3-bd613dcf-d413&#8243;][vc_column_text]Bei jeder Ausleihe in Köln sind die ersten 30 Minuten inklusive. Bei Überschreitung der Freiminuten kosten weitere 30 Minuten je 1 €. Für 24 Stunden fallen maximal 9 € an. Eventuelle Rückgabe-Aufpreise fallen unabhängig von den Freiminuten an. Bei mehreren parallelen Ausleihen gilt die Vergünstigung nur für das erste Rad. Weitere Räder werden im lokalen Basistarif abgerechnet.</p>
<p>Vergünstigungen werden auch in weiteren Städten im VRS-Gebiet gewährt.[/vc_column_text][/vc_tta_section][/vc_tta_accordion][/vc_column][/vc_row][vc_row ppi_row_padding=&#8220;ppi_remove_padding_top&#8220; disable_element=&#8220;yes&#8220;][vc_column width=&#8220;1/6&#8243;][vc_icon icon_fontawesome=&#8220;fas fa-city&#8220; color=&#8220;custom&#8220; size=&#8220;lg&#8220; custom_color=&#8220;#e30613&#8243;][/vc_column][vc_column width=&#8220;5/6&#8243;][vc_tta_accordion active_section=&#8220;0&#8243; collapsible_all=&#8220;true&#8220; title=&#8220;Vergüstigungen in anderen VRS-Städten und -Gemeinden&#8220;][vc_tta_section title=&#8220;Wo gibt&#8217;s noch Freiminuten?&#8220; tab_id=&#8220;1698314500215-4975e639-d5dc3dcf-d413&#8243;][vc_column_text]Einmal verknüpft, genießt du auch in diesen Städten Vorteile. Details zu den Sonderkonditionen können der jeweiligen Webseite entnommen werden:</p>
<ul>
<li><a href="https://www.nextbike.de/bonn/de" target="_blank" rel="noopener noreferrer">nextbike Bonn</a></li>
<li><a href="https://www.wupsirad.de/leverkusen/de" target="_blank" rel="noopener noreferrer">wupsiRad Leverkusen</a></li>
<li><a href="https://www.nextbike.de/rvk/de" target="_blank" rel="noopener noreferrer">RVK e-Bike</a></li>
<li><a href="https://www.nextbike.de/bergisches-ebike/de" target="_blank" rel="noopener noreferrer">Bergisches E-Bike</a></li>
<li><a href="https://www.nextbike.de/rsvg/de/" target="_blank" rel="noopener noreferrer">RSVG-Bike</a></li>
<li><a href="https://revg.de/mobic.html">mobic</a></li>
</ul>
<p>[/vc_column_text][/vc_tta_section][/vc_tta_accordion][/vc_column][/vc_row][vc_row ppi_row_padding=&#8220;ppi_remove_padding_top&#8220; disable_element=&#8220;yes&#8220;][vc_column width=&#8220;1/6&#8243;][vc_icon icon_fontawesome=&#8220;fas fa-certificate&#8220; color=&#8220;custom&#8220; size=&#8220;lg&#8220; custom_color=&#8220;#e30613&#8243;][/vc_column][vc_column width=&#8220;5/6&#8243;][vc_tta_accordion active_section=&#8220;0&#8243; collapsible_all=&#8220;true&#8220; title=&#8220;Gültigkeit&#8220;][vc_tta_section title=&#8220;Wie lange gelten die Sonderkonditionen?&#8220; tab_id=&#8220;1698314622760-9dd67ea5-c2fb3dcf-d413&#8243;][vc_column_text]</p>
<div class="col-xs-12 col-sm-12 col-md-4 small-padding-md">
<div class="row">
<div class="col-xs-12 col-sm-12 text-center">
<p style="text-align: left;">Die Vergünstigungen gelten für alle VRS-Chipkarten-Inhaber*innen ab dem Alter von 16 Jahren.</p>
</div>
</div>
</div>
<div class="col-xs-12 col-sm-12 col-md-4 small-padding-md">
<div class="row">
<div class="col-xs-12 col-sm-12 text-center">
<p style="text-align: left;">Neue VRS-Chipkarte erhalten? Bitte hinterlege die aktuelle Karte erneut in deinem Kundenkonto, um weiterhin von den Sonderkonditionen zu profitieren.</p>
</div>
</div>
</div>
<p>[/vc_column_text][/vc_tta_section][/vc_tta_accordion][/vc_column][/vc_row]</p>
</div>

<p>[vc_row][vc_column][vc_column_text css=&#8220;&#8220;] U18 Registrierung für Minderjährige [/vc_column_text][/vc_column][/vc_row][vc_row ppi_row_padding=&#8220;ppi_remove_padding_top&#8220;][vc_column width=&#8220;1/6&#8243;][vc_icon icon_fontawesome=&#8220;&#8220; color=&#8220;custom&#8220; size=&#8220;lg&#8220; css=&#8220;&#8220; custom_color=&#8220;#0065CC&#8220;][/vc_column][vc_column width=&#8220;5/6&#8243;][vc_column_text css=&#8220;&#8220;] So geht&#8217;s Unter 18-Jährige können erst nach Verknüpfung mit einem Erwachsenen-Konto Fahrräder ausleihen. Der Erwachsene haftet dabei für das Minderjährigen-Konto. Registriere dich mit deiner Telefonnummer Öffne das Wallet der nextbike App und verknüpfe dich mit dem Partner &#8222;Minderjährige&#8220; unter [&hellip;]</p>

<!-- This site is optimized with the Yoast SEO plugin v27.2 - https://yoast.com/product/yoast-seo-wordpress/ -->
<title>U18 - Myradl - München</title>
<meta name="description" content="Minderjährige können MyRadl nutzen, indem sie sich mit dem Account eines Erwachsenen verknüpfen." />
<meta name="robots" content="index, follow, max-snippet:-1, max-image-preview:large, max-video-preview:-1" />
<link rel="canonical" href="https://www.myradl.de/de/u18/" />
<meta property="og:locale" content="de_DE" />
<meta property="og:type" content="article" />
<meta property="og:title" content="U18 - Myradl - München" />
<meta property="og:description" content="Minderjährige können MyRadl nutzen, indem sie sich mit dem Account eines Erwachsenen verknüpfen." />
<meta property="og:url" content="https://www.myradl.de/de/u18/" />
<meta property="og:site_name" content="Myradl - München" />
<meta property="article:modified_time" content="2026-04-13T09:58:00+00:00" />
<meta name="twitter:card" content="summary_large_image" />
<meta name="twitter:label1" content="Geschätzte Lesezeit" />
	<meta name="twitter:data1" content="3 Minuten" />
<script type="application/ld+json" class="yoast-schema-graph">{"@context":"https://schema.org","@graph":[{"@type":"WebPage","@id":"https://www.myradl.de/de/u18/","url":"https://www.myradl.de/de/u18/","name":"U18 - Myradl - München","isPartOf":{"@id":"https://www.myradl.de/de/#website"},"datePublished":"2026-04-01T07:32:53+00:00","dateModified":"2026-04-13T09:58:00+00:00","description":"Minderjährige können MyRadl nutzen, indem sie sich mit dem Account eines Erwachsenen verknüpfen.","breadcrumb":{"@id":"https://www.myradl.de/de/u18/#breadcrumb"},"inLanguage":"de","potentialAction":[{"@type":"ReadAction","target":["https://www.myradl.de/de/u18/"]}]},{"@type":"BreadcrumbList","@id":"https://www.myradl.de/de/u18/#breadcrumb","itemListElement":[{"@type":"ListItem","position":1,"name":"Startseite","item":"https://www.myradl.de/de/"},{"@type":"ListItem","position":2,"name":"U18"}]},{"@type":"WebSite","@id":"https://www.myradl.de/de/#website","url":"https://www.myradl.de/de/","name":"Myradl - München","description":"Bike Sharing by nextbike","potentialAction":[{"@type":"SearchAction","target":{"@type":"EntryPoint","urlTemplate":"https://www.myradl.de/de/?s={search_term_string}"},"query-input":{"@type":"PropertyValueSpecification","valueRequired":true,"valueName":"search_term_string"}}],"inLanguage":"de"}]}</script>
<!-- / Yoast SEO plugin. -->

U18 - Myradl - München

Minderjährige können MyRadl nutzen, indem sie sich mit dem Account eines Erwachsenen verknüpfen.

Myradl - München
