{"id":750,"date":"2026-04-01T09:32:53","date_gmt":"2026-04-01T07:32:53","guid":{"rendered":"https:\/\/nextbike-live.pluspol-networks.de\/myradl\/u18\/"},"modified":"2026-04-02T10:27:46","modified_gmt":"2026-04-02T08:27:46","slug":"u18","status":"publish","type":"page","link":"https:\/\/www.myradl.de\/en\/u18\/","title":{"rendered":"U18"},"content":{"rendered":"<div class=\"wpb-content-wrapper\"><p>[vc_row][vc_column][vc_column_text css=&#8221;&#8221;]<\/p>\n<h1 style=\"text-align: center;\">U18<\/h1>\n<h4 style=\"text-align: center;\"><strong>Registration for Minors<\/strong><\/h4>\n<p>[\/vc_column_text][\/vc_column][\/vc_row][vc_row ppi_row_padding=&#8221;ppi_remove_padding_top&#8221;][vc_column width=&#8221;1\/6&#8243;][vc_icon icon_fontawesome=&#8221;&#8221; color=&#8221;custom&#8221; size=&#8221;lg&#8221; css=&#8221;&#8221; custom_color=&#8221;#0065CC&#8221;][\/vc_column][vc_column width=&#8221;5\/6&#8243;][vc_column_text css=&#8221;&#8221;]<\/p>\n<h2>How it works<\/h2>\n<p>Under-18s can only register in conjunction with an adult\u2019s account. Adults are liable for the accounts of minors:<\/p>\n<ol>\n<li>Register using your phone number<\/li>\n<li>Open the wallet in the nextbike app and link to the partner \u201cMinors\u201d, entering the phone number of the adult account holder (e.g. a parent)<\/li>\n<li>A verification code will be sent to the adult\u2019s phone number<\/li>\n<li>Enter the code in the U18 account under \u2018Partner Link\u2019<\/li>\n<li>Add a valid payment method. If the U18 account goes into the red, the adult account is liable<\/li>\n<\/ol>\n<p>[\/vc_column_text][\/vc_column][\/vc_row][vc_row ppi_row_padding=&#8221;ppi_remove_padding_top&#8221; disable_element=&#8221;yes&#8221;][vc_column width=&#8221;1\/6&#8243;][vc_icon icon_fontawesome=&#8221;fas fa-tags&#8221; color=&#8221;custom&#8221; size=&#8221;lg&#8221; custom_color=&#8221;#e30613&#8243;][\/vc_column][vc_column width=&#8221;5\/6&#8243;][vc_tta_accordion active_section=&#8221;0&#8243; collapsible_all=&#8221;true&#8221; title=&#8221;Konditionen&#8221;][vc_tta_section title=&#8221;Genie\u00dft Freiminuten&#8221; tab_id=&#8221;institutionen1bd3-bd613dcf-d413&#8243;][vc_column_text]Bei jeder Ausleihe in K\u00f6ln sind die ersten 30 Minuten inklusive. Bei \u00dcberschreitung der Freiminuten kosten weitere 30 Minuten je 1 \u20ac. F\u00fcr 24 Stunden fallen maximal 9 \u20ac an. Eventuelle R\u00fcckgabe-Aufpreise fallen unabh\u00e4ngig von den Freiminuten an. Bei mehreren parallelen Ausleihen gilt die Verg\u00fcnstigung nur f\u00fcr das erste Rad. Weitere R\u00e4der werden im lokalen Basistarif abgerechnet.<\/p>\n<p>Verg\u00fcnstigungen werden auch in weiteren St\u00e4dten im VRS-Gebiet gew\u00e4hrt.[\/vc_column_text][\/vc_tta_section][\/vc_tta_accordion][\/vc_column][\/vc_row][vc_row ppi_row_padding=&#8221;ppi_remove_padding_top&#8221; disable_element=&#8221;yes&#8221;][vc_column width=&#8221;1\/6&#8243;][vc_icon icon_fontawesome=&#8221;fas fa-city&#8221; color=&#8221;custom&#8221; size=&#8221;lg&#8221; custom_color=&#8221;#e30613&#8243;][\/vc_column][vc_column width=&#8221;5\/6&#8243;][vc_tta_accordion active_section=&#8221;0&#8243; collapsible_all=&#8221;true&#8221; title=&#8221;Verg\u00fcstigungen in anderen VRS-St\u00e4dten und -Gemeinden&#8221;][vc_tta_section title=&#8221;Wo gibt&#8217;s noch Freiminuten?&#8221; tab_id=&#8221;1698314500215-4975e639-d5dc3dcf-d413&#8243;][vc_column_text]Einmal verkn\u00fcpft, genie\u00dft du auch in diesen St\u00e4dten Vorteile. Details zu den Sonderkonditionen k\u00f6nnen der jeweiligen Webseite entnommen werden:<\/p>\n<ul>\n<li><a href=\"https:\/\/www.nextbike.de\/bonn\/de\" target=\"_blank\" rel=\"noopener noreferrer\">nextbike Bonn<\/a><\/li>\n<li><a href=\"https:\/\/www.wupsirad.de\/leverkusen\/de\" target=\"_blank\" rel=\"noopener noreferrer\">wupsiRad Leverkusen<\/a><\/li>\n<li><a href=\"https:\/\/www.nextbike.de\/rvk\/de\" target=\"_blank\" rel=\"noopener noreferrer\">RVK e-Bike<\/a><\/li>\n<li><a href=\"https:\/\/www.nextbike.de\/bergisches-ebike\/de\" target=\"_blank\" rel=\"noopener noreferrer\">Bergisches E-Bike<\/a><\/li>\n<li><a href=\"https:\/\/www.nextbike.de\/rsvg\/de\/\" target=\"_blank\" rel=\"noopener noreferrer\">RSVG-Bike<\/a><\/li>\n<li><a href=\"https:\/\/revg.de\/mobic.html\">mobic<\/a><\/li>\n<\/ul>\n<p>[\/vc_column_text][\/vc_tta_section][\/vc_tta_accordion][\/vc_column][\/vc_row][vc_row ppi_row_padding=&#8221;ppi_remove_padding_top&#8221; disable_element=&#8221;yes&#8221;][vc_column width=&#8221;1\/6&#8243;][vc_icon icon_fontawesome=&#8221;fas fa-certificate&#8221; color=&#8221;custom&#8221; size=&#8221;lg&#8221; custom_color=&#8221;#e30613&#8243;][\/vc_column][vc_column width=&#8221;5\/6&#8243;][vc_tta_accordion active_section=&#8221;0&#8243; collapsible_all=&#8221;true&#8221; title=&#8221;G\u00fcltigkeit&#8221;][vc_tta_section title=&#8221;Wie lange gelten die Sonderkonditionen?&#8221; tab_id=&#8221;1698314622760-9dd67ea5-c2fb3dcf-d413&#8243;][vc_column_text]<\/p>\n<div class=\"col-xs-12 col-sm-12 col-md-4 small-padding-md\">\n<div class=\"row\">\n<div class=\"col-xs-12 col-sm-12 text-center\">\n<p style=\"text-align: left;\">Die Verg\u00fcnstigungen gelten f\u00fcr alle VRS-Chipkarten-Inhaber*innen ab dem Alter von 16 Jahren.<\/p>\n<\/div>\n<\/div>\n<\/div>\n<div class=\"col-xs-12 col-sm-12 col-md-4 small-padding-md\">\n<div class=\"row\">\n<div class=\"col-xs-12 col-sm-12 text-center\">\n<p style=\"text-align: left;\">Neue VRS-Chipkarte erhalten? Bitte hinterlege die aktuelle Karte erneut in deinem Kundenkonto, um weiterhin von den Sonderkonditionen zu profitieren.<\/p>\n<\/div>\n<\/div>\n<\/div>\n<p>[\/vc_column_text][\/vc_tta_section][\/vc_tta_accordion][\/vc_column][\/vc_row]<\/p>\n<\/div>","protected":false},"excerpt":{"rendered":"<p>[vc_row][vc_column][vc_column_text css=&#8221;&#8221;] U18 Registration for Minors [\/vc_column_text][\/vc_column][\/vc_row][vc_row ppi_row_padding=&#8221;ppi_remove_padding_top&#8221;][vc_column width=&#8221;1\/6&#8243;][vc_icon icon_fontawesome=&#8221;&#8221; color=&#8221;custom&#8221; size=&#8221;lg&#8221; css=&#8221;&#8221; custom_color=&#8221;#0065CC&#8221;][\/vc_column][vc_column width=&#8221;5\/6&#8243;][vc_column_text css=&#8221;&#8221;] How it works Under-18s can only register in conjunction with an adult\u2019s account. Adults are liable for the accounts of minors: Register using your phone number Open the wallet in the nextbike app and link to the partner \u201cMinors\u201d, [&hellip;]<\/p>\n","protected":false},"author":13,"featured_media":0,"parent":0,"menu_order":0,"comment_status":"closed","ping_status":"closed","template":"page-bubble.php","meta":{"_acf_changed":false,"inline_featured_image":false,"footnotes":""},"class_list":["post-750","page","type-page","status-publish","hentry"],"acf":[],"yoast_head":"<!-- This site is optimized with the Yoast SEO plugin v27.2 - https:\/\/yoast.com\/product\/yoast-seo-wordpress\/ -->\n<title>U18 - MyRadl M\u00fcnchen<\/title>\n<meta name=\"description\" content=\"Minors can use MyRadl by linking their account to an adult\u2019s account.\" \/>\n<meta name=\"robots\" content=\"index, follow, max-snippet:-1, max-image-preview:large, max-video-preview:-1\" \/>\n<link rel=\"canonical\" href=\"https:\/\/www.myradl.de\/en\/u18\/\" \/>\n<meta property=\"og:locale\" content=\"en_US\" \/>\n<meta property=\"og:type\" content=\"article\" \/>\n<meta property=\"og:title\" content=\"U18 - MyRadl M\u00fcnchen\" \/>\n<meta property=\"og:description\" content=\"Minors can use MyRadl by linking their account to an adult\u2019s account.\" \/>\n<meta property=\"og:url\" content=\"https:\/\/www.myradl.de\/en\/u18\/\" \/>\n<meta property=\"og:site_name\" content=\"MyRadl M\u00fcnchen\" \/>\n<meta property=\"article:modified_time\" content=\"2026-04-02T08:27:46+00:00\" \/>\n<meta name=\"twitter:card\" content=\"summary_large_image\" \/>\n<meta name=\"twitter:label1\" content=\"Est. reading time\" \/>\n\t<meta name=\"twitter:data1\" content=\"3 minutes\" \/>\n<script type=\"application\/ld+json\" class=\"yoast-schema-graph\">{\"@context\":\"https:\/\/schema.org\",\"@graph\":[{\"@type\":\"WebPage\",\"@id\":\"https:\/\/www.myradl.de\/en\/u18\/\",\"url\":\"https:\/\/www.myradl.de\/en\/u18\/\",\"name\":\"U18 - MyRadl M\u00fcnchen\",\"isPartOf\":{\"@id\":\"https:\/\/www.myradl.de\/en\/#website\"},\"datePublished\":\"2026-04-01T07:32:53+00:00\",\"dateModified\":\"2026-04-02T08:27:46+00:00\",\"description\":\"Minors can use MyRadl by linking their account to an adult\u2019s account.\",\"breadcrumb\":{\"@id\":\"https:\/\/www.myradl.de\/en\/u18\/#breadcrumb\"},\"inLanguage\":\"en-US\",\"potentialAction\":[{\"@type\":\"ReadAction\",\"target\":[\"https:\/\/www.myradl.de\/en\/u18\/\"]}]},{\"@type\":\"BreadcrumbList\",\"@id\":\"https:\/\/www.myradl.de\/en\/u18\/#breadcrumb\",\"itemListElement\":[{\"@type\":\"ListItem\",\"position\":1,\"name\":\"Startseite\",\"item\":\"https:\/\/www.myradl.de\/en\/\"},{\"@type\":\"ListItem\",\"position\":2,\"name\":\"U18\"}]},{\"@type\":\"WebSite\",\"@id\":\"https:\/\/www.myradl.de\/en\/#website\",\"url\":\"https:\/\/www.myradl.de\/en\/\",\"name\":\"MyRadl M\u00fcnchen\",\"description\":\"Bike Sharing by nextbike\",\"potentialAction\":[{\"@type\":\"SearchAction\",\"target\":{\"@type\":\"EntryPoint\",\"urlTemplate\":\"https:\/\/www.myradl.de\/en\/?s={search_term_string}\"},\"query-input\":{\"@type\":\"PropertyValueSpecification\",\"valueRequired\":true,\"valueName\":\"search_term_string\"}}],\"inLanguage\":\"en-US\"}]}<\/script>\n<!-- \/ Yoast SEO plugin. -->","yoast_head_json":{"title":"U18 - MyRadl M\u00fcnchen","description":"Minors can use MyRadl by linking their account to an adult\u2019s account.","robots":{"index":"index","follow":"follow","max-snippet":"max-snippet:-1","max-image-preview":"max-image-preview:large","max-video-preview":"max-video-preview:-1"},"canonical":"https:\/\/www.myradl.de\/en\/u18\/","og_locale":"en_US","og_type":"article","og_title":"U18 - MyRadl M\u00fcnchen","og_description":"Minors can use MyRadl by linking their account to an adult\u2019s account.","og_url":"https:\/\/www.myradl.de\/en\/u18\/","og_site_name":"MyRadl M\u00fcnchen","article_modified_time":"2026-04-02T08:27:46+00:00","twitter_card":"summary_large_image","twitter_misc":{"Est. reading time":"3 minutes"},"schema":{"@context":"https:\/\/schema.org","@graph":[{"@type":"WebPage","@id":"https:\/\/www.myradl.de\/en\/u18\/","url":"https:\/\/www.myradl.de\/en\/u18\/","name":"U18 - MyRadl M\u00fcnchen","isPartOf":{"@id":"https:\/\/www.myradl.de\/en\/#website"},"datePublished":"2026-04-01T07:32:53+00:00","dateModified":"2026-04-02T08:27:46+00:00","description":"Minors can use MyRadl by linking their account to an adult\u2019s account.","breadcrumb":{"@id":"https:\/\/www.myradl.de\/en\/u18\/#breadcrumb"},"inLanguage":"en-US","potentialAction":[{"@type":"ReadAction","target":["https:\/\/www.myradl.de\/en\/u18\/"]}]},{"@type":"BreadcrumbList","@id":"https:\/\/www.myradl.de\/en\/u18\/#breadcrumb","itemListElement":[{"@type":"ListItem","position":1,"name":"Startseite","item":"https:\/\/www.myradl.de\/en\/"},{"@type":"ListItem","position":2,"name":"U18"}]},{"@type":"WebSite","@id":"https:\/\/www.myradl.de\/en\/#website","url":"https:\/\/www.myradl.de\/en\/","name":"MyRadl M\u00fcnchen","description":"Bike Sharing by nextbike","potentialAction":[{"@type":"SearchAction","target":{"@type":"EntryPoint","urlTemplate":"https:\/\/www.myradl.de\/en\/?s={search_term_string}"},"query-input":{"@type":"PropertyValueSpecification","valueRequired":true,"valueName":"search_term_string"}}],"inLanguage":"en-US"}]}},"_links":{"self":[{"href":"https:\/\/www.myradl.de\/en\/wp-json\/wp\/v2\/pages\/750","targetHints":{"allow":["GET"]}}],"collection":[{"href":"https:\/\/www.myradl.de\/en\/wp-json\/wp\/v2\/pages"}],"about":[{"href":"https:\/\/www.myradl.de\/en\/wp-json\/wp\/v2\/types\/page"}],"author":[{"embeddable":true,"href":"https:\/\/www.myradl.de\/en\/wp-json\/wp\/v2\/users\/13"}],"replies":[{"embeddable":true,"href":"https:\/\/www.myradl.de\/en\/wp-json\/wp\/v2\/comments?post=750"}],"version-history":[{"count":4,"href":"https:\/\/www.myradl.de\/en\/wp-json\/wp\/v2\/pages\/750\/revisions"}],"predecessor-version":[{"id":787,"href":"https:\/\/www.myradl.de\/en\/wp-json\/wp\/v2\/pages\/750\/revisions\/787"}],"wp:attachment":[{"href":"https:\/\/www.myradl.de\/en\/wp-json\/wp\/v2\/media?parent=750"}],"curies":[{"name":"wp","href":"https:\/\/api.w.org\/{rel}","templated":true}]}}

<div class="wpb-content-wrapper"><p>[vc_row][vc_column][vc_column_text css=&#8221;&#8221;]</p>
<h1 style="text-align: center;">U18</h1>
<h4 style="text-align: center;"><strong>Registration for Minors</strong></h4>
<p>[/vc_column_text][/vc_column][/vc_row][vc_row ppi_row_padding=&#8221;ppi_remove_padding_top&#8221;][vc_column width=&#8221;1/6&#8243;][vc_icon icon_fontawesome=&#8221;&#8221; color=&#8221;custom&#8221; size=&#8221;lg&#8221; css=&#8221;&#8221; custom_color=&#8221;#0065CC&#8221;][/vc_column][vc_column width=&#8221;5/6&#8243;][vc_column_text css=&#8221;&#8221;]</p>
<h2>How it works</h2>
<p>Under-18s can only register in conjunction with an adult’s account. Adults are liable for the accounts of minors:</p>
<ol>
<li>Register using your phone number</li>
<li>Open the wallet in the nextbike app and link to the partner “Minors”, entering the phone number of the adult account holder (e.g. a parent)</li>
<li>A verification code will be sent to the adult’s phone number</li>
<li>Enter the code in the U18 account under ‘Partner Link’</li>
<li>Add a valid payment method. If the U18 account goes into the red, the adult account is liable</li>
</ol>
<p>[/vc_column_text][/vc_column][/vc_row][vc_row ppi_row_padding=&#8221;ppi_remove_padding_top&#8221; disable_element=&#8221;yes&#8221;][vc_column width=&#8221;1/6&#8243;][vc_icon icon_fontawesome=&#8221;fas fa-tags&#8221; color=&#8221;custom&#8221; size=&#8221;lg&#8221; custom_color=&#8221;#e30613&#8243;][/vc_column][vc_column width=&#8221;5/6&#8243;][vc_tta_accordion active_section=&#8221;0&#8243; collapsible_all=&#8221;true&#8221; title=&#8221;Konditionen&#8221;][vc_tta_section title=&#8221;Genießt Freiminuten&#8221; tab_id=&#8221;institutionen1bd3-bd613dcf-d413&#8243;][vc_column_text]Bei jeder Ausleihe in Köln sind die ersten 30 Minuten inklusive. Bei Überschreitung der Freiminuten kosten weitere 30 Minuten je 1 €. Für 24 Stunden fallen maximal 9 € an. Eventuelle Rückgabe-Aufpreise fallen unabhängig von den Freiminuten an. Bei mehreren parallelen Ausleihen gilt die Vergünstigung nur für das erste Rad. Weitere Räder werden im lokalen Basistarif abgerechnet.</p>
<p>Vergünstigungen werden auch in weiteren Städten im VRS-Gebiet gewährt.[/vc_column_text][/vc_tta_section][/vc_tta_accordion][/vc_column][/vc_row][vc_row ppi_row_padding=&#8221;ppi_remove_padding_top&#8221; disable_element=&#8221;yes&#8221;][vc_column width=&#8221;1/6&#8243;][vc_icon icon_fontawesome=&#8221;fas fa-city&#8221; color=&#8221;custom&#8221; size=&#8221;lg&#8221; custom_color=&#8221;#e30613&#8243;][/vc_column][vc_column width=&#8221;5/6&#8243;][vc_tta_accordion active_section=&#8221;0&#8243; collapsible_all=&#8221;true&#8221; title=&#8221;Vergüstigungen in anderen VRS-Städten und -Gemeinden&#8221;][vc_tta_section title=&#8221;Wo gibt&#8217;s noch Freiminuten?&#8221; tab_id=&#8221;1698314500215-4975e639-d5dc3dcf-d413&#8243;][vc_column_text]Einmal verknüpft, genießt du auch in diesen Städten Vorteile. Details zu den Sonderkonditionen können der jeweiligen Webseite entnommen werden:</p>
<ul>
<li><a href="https://www.nextbike.de/bonn/de" target="_blank" rel="noopener noreferrer">nextbike Bonn</a></li>
<li><a href="https://www.wupsirad.de/leverkusen/de" target="_blank" rel="noopener noreferrer">wupsiRad Leverkusen</a></li>
<li><a href="https://www.nextbike.de/rvk/de" target="_blank" rel="noopener noreferrer">RVK e-Bike</a></li>
<li><a href="https://www.nextbike.de/bergisches-ebike/de" target="_blank" rel="noopener noreferrer">Bergisches E-Bike</a></li>
<li><a href="https://www.nextbike.de/rsvg/de/" target="_blank" rel="noopener noreferrer">RSVG-Bike</a></li>
<li><a href="https://revg.de/mobic.html">mobic</a></li>
</ul>
<p>[/vc_column_text][/vc_tta_section][/vc_tta_accordion][/vc_column][/vc_row][vc_row ppi_row_padding=&#8221;ppi_remove_padding_top&#8221; disable_element=&#8221;yes&#8221;][vc_column width=&#8221;1/6&#8243;][vc_icon icon_fontawesome=&#8221;fas fa-certificate&#8221; color=&#8221;custom&#8221; size=&#8221;lg&#8221; custom_color=&#8221;#e30613&#8243;][/vc_column][vc_column width=&#8221;5/6&#8243;][vc_tta_accordion active_section=&#8221;0&#8243; collapsible_all=&#8221;true&#8221; title=&#8221;Gültigkeit&#8221;][vc_tta_section title=&#8221;Wie lange gelten die Sonderkonditionen?&#8221; tab_id=&#8221;1698314622760-9dd67ea5-c2fb3dcf-d413&#8243;][vc_column_text]</p>
<div class="col-xs-12 col-sm-12 col-md-4 small-padding-md">
<div class="row">
<div class="col-xs-12 col-sm-12 text-center">
<p style="text-align: left;">Die Vergünstigungen gelten für alle VRS-Chipkarten-Inhaber*innen ab dem Alter von 16 Jahren.</p>
</div>
</div>
</div>
<div class="col-xs-12 col-sm-12 col-md-4 small-padding-md">
<div class="row">
<div class="col-xs-12 col-sm-12 text-center">
<p style="text-align: left;">Neue VRS-Chipkarte erhalten? Bitte hinterlege die aktuelle Karte erneut in deinem Kundenkonto, um weiterhin von den Sonderkonditionen zu profitieren.</p>
</div>
</div>
</div>
<p>[/vc_column_text][/vc_tta_section][/vc_tta_accordion][/vc_column][/vc_row]</p>
</div>

<!-- This site is optimized with the Yoast SEO plugin v27.2 - https://yoast.com/product/yoast-seo-wordpress/ -->
<title>U18 - MyRadl München</title>
<meta name="description" content="Minors can use MyRadl by linking their account to an adult’s account." />
<meta name="robots" content="index, follow, max-snippet:-1, max-image-preview:large, max-video-preview:-1" />
<link rel="canonical" href="https://www.myradl.de/en/u18/" />
<meta property="og:locale" content="en_US" />
<meta property="og:type" content="article" />
<meta property="og:title" content="U18 - MyRadl München" />
<meta property="og:description" content="Minors can use MyRadl by linking their account to an adult’s account." />
<meta property="og:url" content="https://www.myradl.de/en/u18/" />
<meta property="og:site_name" content="MyRadl München" />
<meta property="article:modified_time" content="2026-04-02T08:27:46+00:00" />
<meta name="twitter:card" content="summary_large_image" />
<meta name="twitter:label1" content="Est. reading time" />
	<meta name="twitter:data1" content="3 minutes" />
<script type="application/ld+json" class="yoast-schema-graph">{"@context":"https://schema.org","@graph":[{"@type":"WebPage","@id":"https://www.myradl.de/en/u18/","url":"https://www.myradl.de/en/u18/","name":"U18 - MyRadl München","isPartOf":{"@id":"https://www.myradl.de/en/#website"},"datePublished":"2026-04-01T07:32:53+00:00","dateModified":"2026-04-02T08:27:46+00:00","description":"Minors can use MyRadl by linking their account to an adult’s account.","breadcrumb":{"@id":"https://www.myradl.de/en/u18/#breadcrumb"},"inLanguage":"en-US","potentialAction":[{"@type":"ReadAction","target":["https://www.myradl.de/en/u18/"]}]},{"@type":"BreadcrumbList","@id":"https://www.myradl.de/en/u18/#breadcrumb","itemListElement":[{"@type":"ListItem","position":1,"name":"Startseite","item":"https://www.myradl.de/en/"},{"@type":"ListItem","position":2,"name":"U18"}]},{"@type":"WebSite","@id":"https://www.myradl.de/en/#website","url":"https://www.myradl.de/en/","name":"MyRadl München","description":"Bike Sharing by nextbike","potentialAction":[{"@type":"SearchAction","target":{"@type":"EntryPoint","urlTemplate":"https://www.myradl.de/en/?s={search_term_string}"},"query-input":{"@type":"PropertyValueSpecification","valueRequired":true,"valueName":"search_term_string"}}],"inLanguage":"en-US"}]}</script>
<!-- / Yoast SEO plugin. -->

U18 - MyRadl München

MyRadl München
